divided by z?
40
Let s(i) = 16*i - 2. Suppose -12*l + 69 = 2*a - 7*l, -3*a = 5*l - 101. Calculate the remainder when s(8) is divided by a.
30
Suppose 3 = u, 0*z + 44 = -2*z + 2*u. Let d = z - -27. Let q(m) = m + 36. What is the remainder when q(-14) is divided by d?
6
Let q(j) = -j**2 + 25*j + 26. Let r be q(26). Let s(d) = -d**2 - 10*d + 19. What is the remainder when s(r) is divided by 7?
5
Suppose -29 = 2*d + 2*c - 1241, 626 = d - 4*c. Calculate the remainder when 1832 is divided by d.
2
Suppose 60 = 5*r - 25. Let d = 97 + -101. Calculate the remainder when r is divided by (d/(-15))/((-14)/(-35))*9.
5
Suppose 0 = -2*z - 0*z + 350. Let k be 7/(-126)*-2 + 1726/18. Calculate the remainder when z is divided by 6*88/k*8.
43
Calculate the remainder when ((-6)/(-7))/(108/278586) is divided by 440.
11
Let u(t) = 64*t**2 + 34*t - 121. Calculate the remainder when u(4) is divided by 264.
247
Suppose 2*z = 5 - 1. Let t(a) = 13 + z*a - a + a**2 - 2*a + 7*a. Calculate the remainder when 47 is divided by t(-6).
8
Suppose 2 = -4*x + 22. Suppose -29 - 11 = -x*z. Suppose -92 = 4*u - z*u. What is the remainder when 67 is divided by u?
21
Let y = -39 + 44. Let t = 2 - y. Calculate the remainder when 44 is divided by (48*(-6)/27)/(2/t).
12
Suppose -2993 = -176*q + 135*q. Calculate the remainder when 482 is divided by q.
44
Suppose 68*q + 130*q = 29502. Calculate the remainder when q is divided by 2.
1
Let z = -102 - -103. Suppose -o + 9 = 2*u + z, 0 = -o + 3*u + 33. Suppose 5*m - 165 = 2*b + 1, -4*b - 128 = -4*m. What is the remainder when m is divided by o?
16
Suppose 28 = 7*j - 3*j - 5*x, 0 = 3*j + 3*x + 6. Calculate the remainder when 13/(52/8) - (-95 + -1) is divided by 381/15 - j/5.
23
Suppose 6*s = 2*s - f + 5, -5*s = -2*f - 16. Suppose -15*a = -s*a - 26. Calculate the remainder when a/(-10) - 453/(-15) is divided by 8.
6
Suppose -3*b + 62 = 4*g, 0 = 4*b - 7 - 1. Let c(k) = 2*k**2 - 2*k - 3. Let j be c(4). Calculate the remainder when 182 is divided by 708/g + -5 - (-9)/j.
44
Let l = -27 - -59. Calculate the remainder when (-3 + -3 + 4)*-47 is divided by l.
30
Suppose 1073*q - 1107*q = -199818. What is the remainder when q is divided by 21?
18
Suppose 0 = 12*v - 85 + 73. Let x(t) = 33*t**3 - 4*t + 3. What is the remainder when x(v) is divided by 13?
6
Let o(q) = -16*q**3 - 2*q**2 - 2*q - 2. Let x be o(3). Let t = x + 518. Calculate the remainder when t is divided by 16.
12
Let f = 8 - -128. Suppose -4330*a = -4325*a - 140. What is the remainder when f is divided by a?
24
Let b(y) = 35*y + 1243. What is the remainder when b(-30) is divided by 33?
28
Suppose z = 4*z - 640 + 253. Suppose 0 = -4*u - 12, 4*x - 3*u = -0*x + 61. What is the remainder when z is divided by x?
12
Let x(y) = -64*y**3 - 4*y**2 - 38*y - 32. What is the remainder when 1450 is divided by x(-1)?
64
Let d(x) = 191*x - 1221. What is the remainder when 1852 is divided by d(7)?
112
Let x = 11 - 6. Suppose 0 = -60*w + 55*w + 90. Let h = w - x. What is the remainder when 23 is divided by h?
10
Let c = 4769 - 4681. Calculate the remainder when 776 is divided by c.
72
Suppose 18*r - 711 = 15*r. Let o = r + -223. Calculate the remainder when 63 is divided by o.
7
Suppose 0 = r + 2, -13*r + 12 = k - 18*r. Suppose 0 = -k*y - 9*y + 121. What is the remainder when 27 is divided by y?
5
Let p(u) = -u**3 - 29*u**2 + 170*u + 37. Calculate the remainder when 112 is divided by p(-34).
1
Suppose -2*d = 5*i + 512, -3*i - 105 = -2*i + 3*d. Let n = -62 - i. Calculate the remainder when 131 is divided by n.
11
Let o(s) = 29*s**2 + s - 3. Let p be o(-2). Let i = p + -90. Let j = i + 69. What is the remainder when j is divided by 13?
12
Let y(t) = -277*t + 666. What is the remainder when 120 is divided by y(2)?
8
Let y = 2577 - 2470. Calculate the remainder when y is divided by (-22 - -31) + (-4)/(-2).
8
Let k = 14366 - -21353. What is the remainder when k is divided by 19?
18
Let l = 16506 - 16429. Calculate the remainder when 456 + 1/(-2)*-6 is divided by l.
74
Let j = 2770 + -1903. What is the remainder when j is divided by 11?
9
Let m = 34798 - 9670. Calculate the remainder when m is divided by 206.
202
Suppose -362*a + 194*a = -180*a + 23220. Calculate the remainder when a is divided by 129.
0
Let r be ((-6)/(-4)*134)/(0 - -1). Suppose -5*d = -2*d - 4*y - r, -2*y = -4*d + 268. What is the remainder when d is divided by 1 - (-5)/((-25)/(-80))?
16
Let u be 109 - 0/(2 - 0). Let j be (-8)/5*(-2310)/56. Let d = u - j. What is the remainder when d is divided by 5?
3
Suppose j = -9, -5*j = -2930*o + 2926*o + 401. Let g(d) = -d**3 + 4*d**2 + 4*d + 7. Let w be g(5). Calculate the remainder when o is divided by w*(2 - 1) - -44.
43
Calculate the remainder when 1693 is divided by -4 + (-35)/14*(-342)/45.
13
What is the remainder when 1064 is divided by (54/(-12) - -2)/((90/984)/(-3))?
80
Suppose -n - 2*h + 337 = 0, 6*h + 325 = n + 2*h. Suppose 0 = -19*m - 134 + 1198. What is the remainder when n is divided by m?
53
Let z be (1 - 0 - 4/(-2))/(-1). What is the remainder when (-18)/(-3) + z - (-249)/3 is divided by 23?
17
Suppose -93 = -2*h + 41. Let v = h + -43. Suppose 126 = 8*y + 6*y. What is the remainder when v is divided by y?
6
Let z = 11 - -4. Let x be (-7)/((-70)/(-12))*20/(-8). Suppose -23*q + 19*q - x*j + 35 = 0, 5*q = j + 39. What is the remainder when z is divided by q?
7
Let q(a) = a**2 + 2*a + 3. Suppose 11 = -4*d - 1. Let c = -127 + 161. What is the remainder when c is divided by q(d)?
4
Let b(o) = 12*o + 54*o - 97 - 7*o - 22*o. Let u = 64 + -38. What is the remainder when b(4) is divided by u?
25
Calculate the remainder when 507 is divided by ((-18)/9*147/(-14))/3.
3
Calculate the remainder when 68 is divided by 20/(-20) - ((-56)/30 + (-12)/90).
0
Suppose 2*z - 28 = -18. Suppose 4*y - z*y - 29 = 0. Let h = y + 45. What is the remainder when 58 is divided by h?
10
Let p(w) = 34*w + 1116. Calculate the remainder when 5698 is divided by p(23).
4
Suppose 5*x - 42 - 108 = 0. Suppose x*i - 28*i + 14 = 0. Calculate the remainder when 11 is divided by i/((-7)/(-3)) - -6.
2
Let i(v) = -5*v**3 + v**2 - 5*v + 2. Let f be i(-2). Calculate the remainder when (-2*6)/(-7 + 380/f) is divided by 20.
16
Suppose 2*m - s + 144 = -0*m, 216 = -3*m - s. Let y be -1*(-1 - -2)*m. Suppose j - w - y = -j, -140 = -4*j + 3*w. What is the remainder when j is divided by 21?
17
Let h(t) = t + 8. Let y be h(-3). Suppose f = 3*n + 88, -466 = -y*f + 8*n - 6*n. What is the remainder when f is divided by 49?
45
Suppose -57*j + 613 = 153*j - 3167. Suppose 0 = -5*w + g + 38, -5*w - 5*g = -26 - 24. Suppose -v + 2 + w = 0. What is the remainder when j is divided by v?
8
Let a(y) = -y**3 - 26*y**2 - 35*y - 238. Calculate the remainder when 1690 is divided by a(-25).
10
Suppose 3*d = 5*b + 29, 11 = 2*d - 5*b - 5. Let g(u) = u**2 + 34 + 4 - 16 - d*u. What is the remainder when g(14) is divided by 13?
10
Suppose z = -j + 141 + 21, 0 = z - 2*j - 168. Calculate the remainder when z is divided by 160.
4
Suppose 303*w - 1557 = 2045 + 2155. Calculate the remainder when w is divided by 13.
6
Let d = 313 + -214. Suppose 0 = -15*o + 6*o + 180. Calculate the remainder when d is divided by o.
19
Let u(q) = q + 2. Let b(f) = 16*f - 79. Let p(k) = b(k) + 2*u(k). Calculate the remainder when p(6) is divided by 4.
1
Let x = -497 - -497. Suppose -50 + 265 = 4*k - 5*b, 5*b + 15 = x. What is the remainder when k is divided by 9?
5
Suppose -20 - 20 = 8*s. Let i(j) = j**3 + 5*j**2 + 6. Let l be i(s). Suppose -l*m = -25 - 59. What is the remainder when 35 is divided by m?
7
Let v = -5156 - -5179. Calculate the remainder when 297 is divided by v.
21
Let x = -24930 - -24931. What is the remainder when ((-4)/(-6))/(2/9) is divided by x?
0
Let n = 2673 - 2308. Calculate the remainder when n is divided by 16.
13
Let m = -94 - -295. Let z(l) = -2*l**3 - 18*l**2 - 36*l + 36. What is the remainder when m is divided by z(-5)?
9
Suppose 3*h - 577 = -5*j, 2*h + 11*j - 8*j - 385 = 0. What is the remainder when 440 is divided by h?
52
Let s be 13/(-104) + 2/16. Suppose -4*k - 12 = s, p - 292 = -3*p + 4*k. Calculate the remainder when p is divided by 19.
13
Let b = 288 - 243. Suppose 121 = 4*w + b. Calculate the remainder when 73 is divided by w.
16
Suppose 0 = -4*z - z - 25, 